 + 6*h = h + 16, 32 = 2*c - s*h. Calculate the highest common divisor of 24 and c.
8
Let g be (-1035)/(-30) - (-12)/(-8). What is the greatest common factor of 803 and g?
11
Let u be ((-42)/18)/((-2)/60). Suppose 2*t - u = -5*t. Calculate the greatest common divisor of t and 40.
10
Suppose -547*z = -543*z - 4992. Calculate the highest common factor of 39 and z.
39
Suppose 90*h - 1020 = 22*h. What is the greatest common divisor of 147 and h?
3
Let l = 61 + 13. Let z = l + -57. What is the greatest common divisor of z and 136?
17
Let m be (-160)/(25/(-20) + 1) - 0. Calculate the greatest common factor of m and 20.
20
Let d(z) = 0*z**3 - 3*z + 2*z**3 + 2 + 0*z**3 + 2*z**2 - 3*z**2. Let s = -1 - -4. Let v be d(s). Calculate the highest common divisor of 95 and v.
19
Suppose 2*m - 16 = -2*m. Suppose 0 = -3*j - 3*w + 18, 5*j - m*w - 36 = -3*w. Suppose d - 20 = 15. What is the highest common divisor of d and j?
7
Suppose 5*k = 1207 + 113. Let r = -136 + k. Suppose -4*x = 4*i - 52, 3*x = -2*i - 0*i + 42. What is the greatest common factor of r and x?
16
Let m = -119 - -159. Suppose u = 2, 5*c - u - 212 = 1586. Calculate the highest common factor of m and c.
40
Let l(f) = -f**3 + 5*f**2 - f + 2. Let n be l(5). Let o be 6/n*2 - -172. What is the greatest common divisor of o and 21?
21
Let z = 191 + -149. Calculate the highest common divisor of z and 56.
14
Let p be 36/(-4)*(-290)/(-6). Let i be -1 - (p/3 - -1). Suppose -i - 297 = -5*v. What is the greatest common factor of v and 11?
11
Let t be (-5)/(-1 + (-4)/(-5)). Calculate the greatest common factor of t and 10.
5
Suppose 4*n - l = -6*l - 28, 30 = -5*n - 5*l. Let r be 4 + 6/(n + 5). What is the greatest common divisor of r and 3?
3
Suppose -2*q - 72 = 2*u, 2*u - q + 48 = 3*q. Let a = 56 + u. Let k be (-18)/4*(-4)/3. Calculate the greatest common factor of a and k.
6
Let o(a) = -a**3 + 4*a**2 + 5*a + 7. Let i be o(-5). What is the highest common divisor of 9 and i?
9
Let l = -1591 + 1619. Calculate the highest common divisor of l and 1708.
28
Let z be (16 - 2)*84/98. Let o be 2/(-11) + (-268)/(-22). What is the highest common divisor of o and z?
12
Let g(s) = -s**3 + 15*s**2 - 17*s + 32. Let v be g(7). What is the highest common divisor of v and 5?
5
Let h = -141 + 147. Let g be 2*3*(-6)/(-9). Calculate the highest common factor of h and g.
2
Let o(s) = s**2 - 14*s + 13. Let n be o(14). Calculate the highest common divisor of n and 1079.
13
Let q be 54/12*(-2 - -62). What is the highest common divisor of 18 and q?
18
Suppose d - 23 = -b, -b - d + 7 = -4*d. Suppose -i = -b + 9. What is the highest common divisor of 40 and i?
10
Let t = -10 - -17. Suppose 9*l = t*l. Suppose -4*q + 2*f + 176 = l, -4*q + f + 162 + 10 = 0. Calculate the highest common divisor of q and 21.
21
Let f be (-960)/(-880)*(-22)/(-4). Calculate the greatest common factor of f and 54.
6
Suppose 4*f + u = 676, 6*u - u = 3*f - 484. Calculate the greatest common factor of f and 72.
24
Let o = -7 + 7. Suppose o = -4*l - 61 + 213. Let p(g) = g**3 + g**2 - 6*g + 1. Let j be p(4). Calculate the highest common factor of j and l.
19
Let l be (6 - 5) + ((-6)/3 - -19). What is the highest common factor of l and 4?
2
Let k(r) = -r**2 + 9*r + 12. Suppose 3*n + n = -4*u + 56, u = 4*n - 6. Let z be k(u). Suppose 1 = m - z. What is the greatest common factor of m and 3?
3
Let r(d) = d**3 - 5*d**2 + 2*d - 6. Let x be r(5). Let b be 6*7/(-42) - (-1 - -222). Let q be x/(-18) - b/27. Calculate the highest common factor of q and 20.
4
Let r(q) = 14*q**2 - 2*q + 7. Let n be r(2). Let t be (-2)/(-4) - 142/(-4). Let y = n - t. What is the highest common divisor of 184 and y?
23
Let c be 8/(-2) - (-7)/14*2978. Calculate the highest common factor of 45 and c.
45
Let r be ((-9)/6)/((-11)/418). Calculate the highest common divisor of r and 3.
3
Let h(n) = 22*n**2 - 7*n + 7. Let y be h(1). Calculate the highest common divisor of 14 and y.
2
Let a be (-16)/(1 + 3) - -1. Let t be 36 + -3 + a + 4. Let l = 56 - t. Calculate the highest common factor of 55 and l.
11
Suppose 10*r - 9*r - 2 = 0. Let z be 19/2 - 6 - r/4. Calculate the highest common factor of 6 and z.
3
Suppose -21 = -5*r - p, 0 = r + 5*p - 0 - 9. Suppose 3*t = -4*y + 62, -2*t + t + 12 = -3*y. Let k = t + r. What is the greatest common factor of 176 and k?
22
Let g = -95 - -98. Suppose 0 = g*l + 2*p - 29 + 4, 5*p = 10. What is the highest common factor of l and 63?
7
Suppose -54 = -3*q + 12. What is the highest common divisor of 33 and q?
11
Let a be (-6)/30*-2*10. What is the greatest common divisor of a and 12?
4
Suppose 0 = 5*b - 5*i - 655, -4*b - 19*i = -22*i - 519. What is the greatest common divisor of 819 and b?
63
Let z(u) = u**2 + 8*u + 10. Let i be z(-6). Let h be (255/(-68))/(i/120). What is the greatest common divisor of 25 and h?
25
Suppose -2*o = o - 60. Let i = -22 + o. Let c be i/(-1*(-8)/(-20)). Calculate the highest common factor of 10 and c.
5
Let l(a) = a**2 + 8. Let c be l(8). Let y be (52/65)/((-2)/(-20)). What is the greatest common divisor of y and c?
8
Let f be 4097/9 - (-13 + (-1190)/(-90)). What is the greatest common divisor of 70 and f?
35
Suppose 0 = j + 2*w - 292, -5*j + 1446 = 4*w - w. Calculate the greatest common factor of j and 18.
18
Let n = -509 - -244. Let u = n - -395. Calculate the highest common divisor of u and 10.
10
Let u = -81 + 37. Let s = u + 55. Suppose 3*d + 2*t = 165, -4*d - t - 3*t = -220. Calculate the highest common divisor of d and s.
11
Let x be -29 + 14 + -2 + -1. Let d be (-1)/(-3) - 426/x. Let a be (-3 - -2)/(1/(-8)). What is the greatest common divisor of a and d?
8
Suppose -3*p + 6*p - 149 = -5*q, q + 5*p = 43. Let v(t) = t**2 - 5*t + 4. Let g be 25/15*(1 + 2). Let j be v(g). What is the highest common factor of q and j?
4
Let q be (5/3)/((-10)/(-252)). What is the greatest common divisor of q and 294?
42
Let s be 836/36 + 2/(-9). Let o be (-1)/(8/(-3262)) - 1/(-4). Suppose 3*c - 5*l + 48 = o, 339 = 3*c + 2*l. Calculate the greatest common divisor of s and c.
23
Let f = -11 + 20. Suppose 4*n = 7*n. Suppose z + n = 9. Calculate the greatest common factor of f and z.
9
Suppose -w - 294 = -336. What is the highest common divisor of w and 210?
42
Let a(v) = -7*v + 8. Suppose 0 = -5*u - u - 36. Let c = -2 + u. Let t be a(c). What is the greatest common divisor of t and 8?
8
Suppose -g = 3*r - 780, r + 7*g = 3*g + 249. Calculate the greatest common divisor of 29 and r.
29
Let u be -2*4/(-32) + 174/8. What is the greatest common divisor of 198 and u?
22
Let s be ((-219)/2)/(8/(-48)). Calculate the greatest common divisor of s and 73.
73
Suppose m = -1, 4*m = 10*b + 9*m - 615. Calculate the greatest common divisor of b and 465.
31
Suppose -376 = 24*p - 32*p. Let t = 1 - -3. Suppose t*b - 93 = p. Calculate the greatest common divisor of b and 14.
7
Let y be -33*(-1 + (-4)/(-6)). Let r(j) = -j**2 - 30*j + 7. Let k be r(-3). What is the greatest common factor of y and k?
11
Suppose 5*c - 221 = -v - 51, 2*v = 0. Calculate the greatest common divisor of c and 1207.
17
Let c(v) = -231*v - 3. Let o be c(-1). Calculate the greatest common divisor of 12 and o.
12
Let b be (8/(-6))/(16/(-24)). Suppose b*a - 6 = -2. Suppose 56 = a*j + 6. Calculate the greatest common divisor of 5 and j.
5
Suppose 5*g = 6*g - 1. Let h(v) = -v**2 - 13*v + 49. Let c be h(-16). Calculate the highest common divisor of g and c.
1
Suppose 758 = 3*q + 5*c, 3*c + 69 = -q + 319. Calculate the greatest common factor of 64 and q.
64
Suppose 8*z - 3*z = 30. Let j(t) = -t**3 + 0 + 2 + 5*t - z*t. Let s be j(-3). What is the highest common divisor of 80 and s?
16
Let b(q) = -2*q**2 - 3*q + 1. Let z be b(2). Let p = 19 + z. Calculate the highest common divisor of p and 6.
6
Let w be (-64)/(-34) - (-18)/153. Calculate the highest common divisor of w and 10.
2
Let z(x) = -2*x**3 - 25*x**2 - 15*x + 223. Let y be z(-11). Let p = 11 + -6. What is the highest common factor of y and p?
5
Let b be -123*((-30)/(-120) + 19/(-12)). Calculate the highest common factor of b and 4.
4
Suppose 5*f - 193 - 267 = 0. Let c = 129 + -40. Suppose -80 = -4*k - 4*n, -5*k - n + c = -k. What is the highest common divisor of k and f?
23
Let q = 394 + -171. Suppose -4*n - 7 = -q. What is the highest common divisor of